emainder when 796 is divided by 16?
12
Calculate the remainder when 478 is divided by 60.
58
What is the remainder when 6435 is divided by 57?
51
What is the remainder when 117 is divided by 6?
3
What is the remainder when 157 is divided by 61?
35
Calculate the remainder when 315 is divided by 64.
59
Calculate the remainder when 2194 is divided by 314.
310
Calculate the remainder when 440 is divided by 174.
92
Calculate the remainder when 117 is divided by 17.
15
Calculate the remainder when 178 is divided by 61.
56
Calculate the remainder when 720 is divided by 700.
20
What is the remainder when 900 is divided by 14?
4
Calculate the remainder when 1021 is divided by 33.
31
What is the remainder when 131 is divided by 18?
5
What is the remainder when 1391 is divided by 24?
23
Calculate the remainder when 1953 is divided by 641.
30
Calculate the remainder when 340 is divided by 3.
1
What is the remainder when 429 is divided by 98?
37
Calculate the remainder when 4799 is divided by 130.
119
Calculate the remainder when 29 is divided by 15.
14
Calculate the remainder when 703 is divided by 33.
10
What is the remainder when 809 is divided by 90?
89
What is the remainder when 7093 is divided by 11?
9
What is the remainder when 9522 is divided by 530?
512
Calculate the remainder when 102 is divided by 26.
24
Calculate the remainder when 192 is divided by 73.
46
Calculate the remainder when 398 is divided by 40.
38
Calculate the remainder when 695 is divided by 25.
20
Calculate the remainder when 995 is divided by 139.
22
Calculate the remainder when 113 is divided by 39.
35
Calculate the remainder when 243 is divided by 12.
3
What is the remainder when 3097 is divided by 25?
22
Calculate the remainder when 56 is divided by 39.
17
Calculate the remainder when 1003 is divided by 250.
3
What is the remainder when 1331 is divided by 15?
11
What is the remainder when 2691 is divided by 87?
81
Calculate the remainder when 82 is divided by 34.
14
Calculate the remainder when 118 is divided by 1.
0
Calculate the remainder when 1953 is divided by 626.
75
Calculate the remainder when 360 is divided by 163.
34
What is the remainder when 1942 is divided by 404?
326
Calculate the remainder when 110 is divided by 2.
0
What is the remainder when 52 is divided by 33?
19
What is the remainder when 102 is divided by 17?
0
Calculate the remainder when 1545 is divided by 31.
26
Calculate the remainder when 9840 is divided by 19.
17
What is the remainder when 139 is divided by 23?
1
Calculate the remainder when 436 is divided by 88.
84
Calculate the remainder when 51 is divided by 37.
14
Calculate the remainder when 6762 is divided by 28.
14
What is the remainder when 164 is divided by 33?
32
Calculate the remainder when 545 is divided by 157.
74
Calculate the remainder when 569 is divided by 85.
59
What is the remainder when 729 is divided by 171?
45
What is the remainder when 140 is divided by 71?
69
Calculate the remainder when 3533 is divided by 38.
37
What is the remainder when 4210 is divided by 14?
10
What is the remainder when 25 is divided by 19?
6
Calculate the remainder when 429 is divided by 72.
69
Calculate the remainder when 8969 is divided by 65.
64
Calculate the remainder when 49 is divided by 29.
20
What is the remainder when 2107 is divided by 1051?
5
What is the remainder when 385 is divided by 9?
7
Calculate the remainder when 129948 is divided by 46.
44
What is the remainder when 338 is divided by 86?
80
Calculate the remainder when 148 is divided by 22.
16
Calculate the remainder when 444 is divided by 41.
34
Calculate the remainder when 324 is divided by 114.
96
Calculate the remainder when 970 is divided by 18.
16
Calculate the remainder when 1591 is divided by 29.
25
What is the remainder when 1034 is divided by 17?
14
Calculate the remainder when 1283 is divided by 129.
122
Calculate the remainder when 1737 is divided by 21.
15
Calculate the remainder when 500 is divided by 122.
12
Calculate the remainder when 5063 is divided by 1684.
11
What is the remainder when 342 is divided by 55?
12
What is the remainder when 134 is divided by 50?
34
Calculate the remainder when 1200 is divided by 173.
162
Calculate the remainder when 4729 is divided by 55.
54
What is the remainder when 84 is divided by 62?
22
What is the remainder when 154 is divided by 73?
8
Calculate the remainder when 174 is divided by 51.
21
What is the remainder when 228 is divided by 39?
33
What is the remainder when 10822 is divided by 82?
80
Calculate the remainder when 38 is divided by 20.
18
What is the remainder when 4231 is divided by 71?
42
What is the remainder when 917 is divided by 48?
5
Calculate the remainder when 479 is divided by 245.
234
What is the remainder when 6548 is divided by 2182?
2
What is the remainder when 341 is divided by 104?
29
Calculate the remainder when 2034 is divided by 11.
10
What is the remainder when 104 is divided by 49?
6
Calculate the remainder when 127 is divided by 39.
10
What is the remainder when 27 is divided by 14?
13
Calculate the remainder when 12490 is divided by 9.
7
What is the remainder when 209 is divided by 3?
2
Calculate the remainder when 641 is divided by 35.
11
What is the remainder when 121 is divided by 42?
37
What is the remainder when 2444 is divided by 136?
132
Calculate the remainder when 2370 is divided by 782.
24
What is the remainder when 278 is divided by 221?
57
Calculate the remainder when 1914 is divided by 12.
6
Calculate the remainder when 1627 is divided by 86.
79
What is the remainder when 161 is divided by 26?
5
What is the remainder when 5589 is divided by 86?
85
What is the remainder when 29 is divided by 13?
3
Calculate the remainder when 1611 is divided by 13.
12
Calculate the remainder when 614 is divided by 269.
76
Calculate the remainder when 4465 is divided by 43.
36
Calculate the remainder when 103 is divided by 18.
13
Calculate the remainder when 343 is divided by 69.
67
What is the remainder when 27 is divided by 3?
0
Calculate the remainder when 8701 is divided by 34.
31
Calculate the remainder when 6717 is divided by 164.
157
Calculate the remainder when 189 is divided by 39.
33
What is the remainder when 176 is divided by 30?
26
Calculate the remainder when 460 is divided by 16.
12
What is the remainder when 2573 is divided by 46?
43
Calculate the remainder when 5758 is divided by 32.
30
Calculate the remainder when 10617 is divided by 180.
177
What is the remainder when 11373 is divided by 8?
5
Calculate the remainder when 177 is divided by 10.
7
What is the remainder when 41 is divided by 10?
1
Calculate the remainder when 1436 is divided by 32.
28
Calculate the remainder when 1342 is divided by 333.
10
Calculate the remainder when 392 is divided by 95.
12
Calculate the remainder when 60 is divided by 36.
24
Calculate the remainder when 1096 is divided by 139.
123
Calculate the remainder when 339 is divided by 58.
49
What is the remainder when 780 is divided by 112?
108
Calculate the remainder when 1038 is divided by 263.
249
What is the remainder when 242 is divided by 30?
2
Calculate the remainder when 21 is divided by 9.
3
What is the remainder when 293 is divided by 68?
21
Calculate the remainder when 282 is divided by 199.
83
What is the remainder when 275 is divided by 69?
68
Calculate the remainder when 37 is divided by 16.
5
Calculate the remainder when 153 is divided by 68.
17
What is the remainder when 4254 is divided by 152?
150
What is the remainder when 10 is divided by 2?
0
What is the remainder when 130 is divided by 58?
14
What is the remainder when 82 is divided by 23?
13
What is the remainder when 843 is divided by 17?
10
What is the remainder when 175 is divided by 31?
20
What is the remainder when 221 is divided by 53?
9
What is the remainder when 2780 is divided by 27?
26
Calculate the remainder when 139 is divided by 32.
11
Calculate the remainder when 1395 is divided by 39.
30
What is the remainder when 7621 is divided by 37?
36
Calculate the remainder when 669 is divided by 222.
3
Calculate the remainder when 289 is divided by 73.
70
Calculate the remainder when 53041 is divided by 22.
21
What is the remainder when 374 is divided by 121?
11
What is the remainder